at is the tens digit of p?
1
Let y = 865 + -355. What is the hundreds digit of y?
5
Let k = 1347 + -1256. What is the tens digit of k?
9
Let c(j) be the second derivative of -j**4/12 - j**3 + 2*j**2 + 2*j. Let d be c(5). What is the units digit of d*(10/(-6) + 1)?
4
Let j = 1991 + -650. What is the tens digit of j?
4
Let h(g) = -1 - 13*g - 10*g - 15 - 13. What is the units digit of h(-8)?
5
Let h(g) = g**2 - 7*g + 11. What is the hundreds digit of h(14)?
1
Let t(r) = 6*r - 49. Let c be t(8). What is the tens digit of -2 + 1 - (c + 0)*64?
6
Let r = -32 - -45. Suppose 2 = -2*m + 12. Suppose 0 = 3*n + 3*f - 12, r + 3 = n - m*f. What is the units digit of n?
6
What is the thousands digit of 2864 - (-5 + (-20)/(-5))?
2
Let y be 24/((-56)/60 + 1). Suppose 3*s = -b + 41 + 31, 0 = 5*b - s - y. Suppose 0 = -2*k + 5*k - b. What is the tens digit of k?
2
Let l(w) = w**3 - 56*w**2 + 168*w - 104. What is the tens digit of l(53)?
7
Let c(i) = i**2 + 12*i + 2. Suppose z + 14 = -3*v, 0 = 2*v - z - 1 + 17. Let w be c(v). Let o = w + 67. What is the units digit of o?
3
Let j = 14 + 12. Suppose -3*w = 5*q - j, 2*q - 2*w + 5 = 25. Let v(o) = o**3 - 6*o**2 - 2*o - 4. What is the tens digit of v(q)?
3
Let j be 5*2/5 - -15. Let h = j + -15. Suppose 0 = 3*i + h*p - 6, -4*i + 7 = -2*p - 1. What is the units digit of i?
2
Suppose 0 = 5*s + 5*r - 40, 0 = 2*s + 3*s + 3*r - 38. Let p = -5 + s. Suppose p*m - 4 = 6. What is the units digit of m?
5
Suppose m = 4*y - 5*y + 13, 0 = 2*y + m - 28. Let l = 94 - y. Let c = 120 - l. What is the units digit of c?
1
Suppose -r - 12 = 34. Let n = r + 107. What is the units digit of n?
1
What is the units digit of (-916)/(-6)*(-15)/(-2)?
5
Suppose -20*n + 13097 = -25443. What is the thousands digit of n?
1
Let o(r) be the third derivative of -17*r**4/12 + 3*r**3 - 14*r**2. What is the units digit of o(-4)?
4
Let g(h) = -6*h - 2. Let w be g(-2). Suppose 0*y = 5*y - w, -2*i - 3*y = -16. Suppose i*r - 7 = 4*r. What is the units digit of r?
7
Suppose -w - 3*z = -3680, -5*z + 2455 = -4*w + 17226. What is the thousands digit of w?
3
Suppose -4*q + q + 2*h + 97 = 0, -124 = -4*q + 4*h. Suppose -q = -3*w + 175. What is the tens digit of w?
7
Let y(d) = -d**3 - 2*d**2 + 13*d. Let s(u) = -2*u**2 + 5*u + 6. Let k be s(4). What is the tens digit of y(k)?
6
Let u(c) = -c + 20. Let r(p) = 7. Let g(h) = -11*r(h) + 4*u(h). Let y be g(-7). Suppose -1 + y = w. What is the units digit of w?
0
Let v = 8 + 5. Let g = -10 + v. Suppose 0 = d + i - 10, g*d = -0*i + 5*i + 30. What is the units digit of d?
0
Suppose 5*y = -3*f + 2595, f + y + y = 865. Suppose -6*w + f = 295. What is the units digit of w?
5
Suppose 4*b + 36 = -592. Let r = b + 237. What is the tens digit of r?
8
Suppose -2*d - 611 = -7*d + 3*r, 502 = 4*d + 2*r. What is the tens digit of d?
2
Let h be (-3)/(-6) - 42/(-4). Suppose 3*a - h*a = -96. What is the tens digit of a?
1
Suppose 26227 - 3507 = 8*r. What is the units digit of r?
0
Let g(q) = -4*q + 11. Let d(u) = u. Let t(w) = 5*d(w) + g(w). Let c be t(-6). Suppose 0*l - 2*l + 2 = -4*a, c*l - 20 = -5*a. What is the units digit of l?
3
Let r be (35/20)/(((-3)/(-20))/3). What is the units digit of 236/7 + 10/r?
4
Suppose 0*l = -4*l - 1124. Let t = -141 - l. What is the tens digit of t?
4
Let n(g) = -25*g**3 + 2*g**2 - 4*g - 3. Let h be n(-1). Suppose 0 = 2*f + 5*p + 2 + 16, 5*p = -5*f - 45. Let j = h - f. What is the tens digit of j?
3
Suppose 6*g - 3*g = 2*g. What is the units digit of (50 - g) + 1 + 2?
3
What is the units digit of 4*(-12)/(-80) - (-291)/15?
0
Let s = 1 + 5. Let v(n) = -n + 3. Let p be v(s). What is the units digit of (0 + 4 - -32) + p?
3
Suppose 2 = 5*p + 3*b - 2, -4*p = 3*b - 2. Suppose 0 = j - 12 + p. What is the units digit of j?
0
Suppose -10*d = -0*d - 30. Let a = d + 0. What is the units digit of a?
3
Let m(h) = h. Let a be m(4). What is the tens digit of a*134*(-2)/(-16)?
6
Let t(a) be the first derivative of -a**4/4 + 4*a**3/3 - 7*a**2/2 + 9*a - 2. Let x be t(4). Let y = x + 38. What is the tens digit of y?
1
Suppose -12 = 3*r - 6*r. What is the hundreds digit of ((-2)/6)/((r/1428)/(-1))?
1
Suppose 4*t + 5*l - 4*l = 394, 3*t - 295 = -l. Suppose -r - 3*u = -0*u - t, -r + 104 = 4*u. What is the tens digit of r?
8
Suppose 0 = -6*d + 12*d - 4788. What is the hundreds digit of d?
7
Let f be 5 + ((-68)/(-20) - (-2)/(-5)). Let a(j) = j**2 + 9. Let p(l) = -l**2 - 10. Let n(d) = 5*a(d) + 4*p(d). What is the tens digit of n(f)?
6
What is the units digit of (-24385)/(-40) - (-9)/24?
0
Suppose -2*v + 4*v = -w + 584, -4*v + 3*w + 1168 = 0. What is the units digit of v?
2
What is the tens digit of 4/(-8) - (25275/(-10) + -9)?
3
Suppose -7*g + 10*g = 30. Suppose 5*a = -2*j + 5*j - g, -j + 30 = 5*a. What is the tens digit of j?
1
Let c = 1454 + -814. What is the tens digit of c?
4
Suppose -95 = 17*a - 18*a. Let w = -19 + a. What is the tens digit of w?
7
Let p be (6/7)/((-42)/(-196)). Suppose 5*k = p*k + 2. What is the units digit of k - ((1 - 2) + -2)?
5
Let r be 1/(-4) + 3/(-12)*7. Let x be 3/(-4) - 1/4. What is the tens digit of r*x*34/4?
1
Let a = -19 - 2. Let m be 3 - 3 - -12*5. Let v = a + m. What is the tens digit of v?
3
Let p be (-3)/(-4)*(-400)/4. What is the tens digit of -3 - (3 - 5) - p?
7
Let c(u) = -u - 3. Let d be c(-1). What is the units digit of 46 - (-1 + (-1 - d))?
6
Let y be (-168)/30 - 4/10. Let k = 12 + y. Suppose 0 = -3*u + k, -l = -2*l - u + 25. What is the units digit of l?
3
Suppose -z + 2 = -9. Suppose -2*l + z = -69. What is the units digit of l?
0
Suppose 4*c - 2*n = -38, 3*n = -c - 2 + 3. What is the units digit of (c/5)/((-4)/270)?
8
Suppose -2*z = -8*a + 3*a - 4422, -3*a - 11093 = -5*z. Suppose 11*j - z = -406. What is the tens digit of j?
6
Let s(v) = 5*v - 11. Let h(c) be the third derivative of 2*c**4/3 - 16*c**3/3 - 4*c**2. Let z(q) = -2*h(q) + 7*s(q). What is the tens digit of z(8)?
1
Let r be (-2)/(-3) - (-24)/18. Suppose 25 = 2*c + 3*d - 10, -r*c = -4*d - 42. What is the tens digit of c?
1
Let k(t) = 17*t - 3. Let n be k(3). Let d = 68 - n. What is the units digit of (-6)/10 + 112/d?
5
Suppose -2 - 67 = 3*p - 2*i, p - 4*i = -13. Let r = 21 - p. What is the tens digit of r?
4
Suppose 8 = 4*l, 0 = -4*k - l - 338 - 176. Let h = 542 + -20. What is the tens digit of 2/(-4 - h/k)?
4
Suppose d + 5 = 0, i = -2*d + d. Suppose f + i*r + 28 = 6, -4*f = 5*r + 28. What is the tens digit of (-42)/(-5)*(-5)/f?
2
Suppose q + 3*u - 1186 = 0, -q + 0*u = 2*u - 1190. What is the units digit of q?
8
Let k = -7 + 1. Let z(a) = -a**3 - 7*a**2 - 7*a + 3. Let t be z(k). Let q = t - 5. What is the units digit of q?
4
Let i(l) = 3*l - 17. Let q be i(8). What is the units digit of -10 + q - (-76 - -2)?
1
Let k(w) be the second derivative of -2*w**3/3 - w**2 + 10*w. Suppose 5*j = 4*q - 2, 3*q = 4*q - 3*j - 4. What is the units digit of k(q)?
6
Let r be -2 - (-4 + 29) - -1. Let y = r - -53. What is the tens digit of y?
2
Let i be ((-12)/(-15))/(1/10). What is the units digit of ((-19)/4)/((-1)/i)?
8
Let y = -157 + 296. Suppose y = 3*t - 71. What is the tens digit of t?
7
Let p be 2/4 + (-35)/(-14). Suppose -p*j + 0*i - 2*i + 19 = 0, -2*j - 5*i = -31. Suppose -j*k + 3*c = -60, k - 11 = 3*c + 1. What is the tens digit of k?
2
Suppose -v - 4915 = -5*y + 4*v, v + 1967 = 2*y. Suppose 6*u - y = -0*u. What is the units digit of u?
4
Suppose 4*n = -4*m + 260, -4*m + 261 = 3*n - 0*n. Let k = m - 2. What is the units digit of k/12*(-3)/(-2)?
8
Let z(k) = k**3 - 4*k**2 + 13*k - 32. What is the units digit of z(13)?
8
Let k(v) = 13*v**3 - 5*v**2 + v - 25. What is the thousands digit of k(5)?
1
Suppose 3*u + 3*q = 27, -5*u - 3*q + 45 = -2*q. What is the units digit of u?
9
Let b(s) = s**3 + 18*s**2 + 27*s - 32. What is the units digit of b(-16)?
8
Let d(f) be the third derivative of f**5/60 + f**4/4 - 2*f**3/3 + 18*f**2. What is the tens digit of d(4)?
3
Suppose -11*m = -6*m + 2*k - 2541, 0 = 2*m - k - 1011. What is the tens digit of m?
0
Suppose -g = 4*h + 4*g - 21, 0 = 4*h - 4*g - 12. Suppose 2*c - 126 = -h*a, 4*a - 54 - 97 = 3*c. What is the tens digit of a?
3
Let k(n) = -2*n**2 - 58*n - 73. What is the tens digit of k(-16)?
4
Let r(d) be the second derivative of 3*d**5/20 - 5*d**4/12 + d**3/2 + 3*d**2/2 - 14*d. What is the tens